 12, what is 296b5 + -1009?
286a8
In base 3, what is -120 + -2100101001021?
-2100101001211
In base 10, what is -8 - 3877855?
-3877863
In base 16, what is -154b50 - 0?
-154b50
In base 12, what is 100b9249 - 4?
100b9245
In base 3, what is 210 - -2021002020111121?
2021002020112101
In base 16, what is -13f44a52 - 5?
-13f44a57
In base 16, what is 5e1b + 4ba?
62d5
In base 6, what is 3534521142 + -5?
3534521133
In base 8, what is 4 - -5055524?
5055530
In base 12, what is -4aa + 4815?
4327
In base 5, what is -34224311 - -410?
-34223401
In base 12, what is -23 - 27a8b?
-27ab2
In base 13, what is -3388c91 - 11?
-3388ca2
In base 12, what is -31996 + -5?
-3199b
In base 6, what is -45021515 - 1104?
-45023023
In base 11, what is 78 - -805733?
805800
In base 8, what is 75 + -514106?
-514011
In base 4, what is 230200112121 + -2?
230200112113
In base 15, what is -8c7 - 10a7e?
-11456
In base 9, what is -2820 + -10415?
-13335
In base 11, what is -816 + 61a?
-1a7
In base 13, what is 1551a + -35?
154b5
In base 11, what is 4a3a90 + -a?
4a3a81
In base 9, what is -35133 - 7238?
-43372
In base 16, what is -cc - -84674?
845a8
In base 15, what is -1e996a6 - -4?
-1e996a2
In base 16, what is -1 - -1498f6d?
1498f6c
In base 16, what is -121ed9 - c2?
-121f9b
In base 15, what is 211 - 775?
-564
In base 10, what is -2450 - 20892?
-23342
In base 4, what is 12211 - 103321201?
-103302330
In base 4, what is -22311122 - 21212?
-22333000
In base 7, what is 11531133335 - 5?
11531133330
In base 13, what is 1 - ba465?
-ba464
In base 9, what is -45402 - 1240?
-46642
In base 6, what is 2 + -1555352333?
-1555352331
In base 3, what is 0 - 1211000220211?
-1211000220211
In base 5, what is -331 + 23434?
23103
In base 6, what is 1 + 414552?
414553
In base 16, what is -5f + cef5?
ce96
In base 5, what is -332423 + 2241?
-330132
In base 5, what is 4 - -11023031020?
11023031024
In base 13, what is 576538 + -2?
576536
In base 6, what is -2 + -1550101331?
-1550101333
In base 12, what is -75a5765 - 1?
-75a5766
In base 9, what is 478624 + 4683?
484417
In base 5, what is 11402201 - -11024?
11413230
In base 11, what is 2593a85 + -15?
2593a70
In base 9, what is -33626101 - -2?
-33626088
In base 10, what is -3 - 3203067?
-3203070
In base 2, what is -11 - -100101100110111000110010?
100101100110111000101111
In base 14, what is -4 - -419b95c?
419b958
In base 10, what is -107977652 - -1?
-107977651
In base 10, what is -1846485 + 41?
-1846444
In base 6, what is 10214225443 - 5?
10214225434
In base 15, what is -4a2 + 29ea?
2548
In base 2, what is 1001010110011 - -11000011010111001?
11001100101101100
In base 15, what is 75326 + -37?
752de
In base 13, what is 7 - 12ca20?
-12ca16
In base 7, what is -2446234 + -5132?
-2454366
In base 13, what is -2 - -13a8726?
13a8724
In base 11, what is -a809288 - 9?
-a809296
In base 2, what is 100110011000000011101110 - 101?
100110011000000011101001
In base 3, what is -100 - 120200100201?
-120200101001
In base 15, what is 7 + -1da5204?
-1da51ec
In base 11, what is -18587494 + -3?
-18587497
In base 2, what is -101 + -110000001010111100010?
-110000001010111100111
In base 15, what is 128 + -16e6?
-15bd
In base 13, what is 0 - 426873?
-426873
In base 5, what is 1214 + -101421100?
-101414331
In base 10, what is -84 - 22407?
-22491
In base 9, what is 132 - -3128183?
3128325
In base 8, what is -1311 + 15716?
14405
In base 10, what is 5793290 - 62?
5793228
In base 16, what is 1b4a6f + -5?
1b4a6a
In base 13, what is 10ac405b + 6?
10ac4064
In base 3, what is -1022120 - 21210100?
-100002220
In base 4, what is -33 + 1332113322?
1332113223
In base 15, what is 346 - 16511?
-161ba
In base 11, what is -4960981 - 12?
-4960993
In base 3, what is -11211110211 + 2122?
-11211101012
In base 14, what is 13a5 + 6d1?
1a96
In base 15, what is -1 + -1967eab?
-1967eac
In base 5, what is -121313 - 104120?
-230433
In base 2, what is -11110100101111011011001011 - -111?
-11110100101111011011000100
In base 7, what is -423 + -1431660?
-1432413
In base 12, what is 2 + -9a709a?
-9a7098
In base 6, what is 12335313214 + 3?
12335313221
In base 8, what is 11367755 + 135?
11370112
In base 4, what is 100201203 + -1301031?
32300112
In base 2, what is 11100001011100111000101010 + 0?
11100001011100111000101010
In base 7, what is 0 - 32425360?
-32425360
In base 5, what is 2040 - 3430003?
-3422413
In base 13, what is -1013a88 + 3?
-1013a85
In base 2, what is 11101011100101100000100110 + 0?
11101011100101100000100110
In base 16, what is 40 + -1d37d?
-1d33d
In base 6, what is -1120 - 1042045?
-1043205
In base 11, what is -5985 + 416?
-556a
In base 6, what is -21150031 + 4333?
-21141254
In base 14, what is -3a - 8c195b?
-8c1997
In base 14, what is -7 - 88b4c3?
-88b4ca
In base 3, what is 12 - 10200022100101122?
-10200022100101110
In base 12, what is -2 + -759b92?
-759b94
In base 13, what is -1767bc08 - 4?
-1767bc0c
In base 5, what is 21220 - 300434?
-224214
In base 4, what is -333102221 - 210?
-333103031
In base 10, what is -3135 - -1729?
-1406
In base 13, what is -211 - 163?
-374
In base 3, what is 12111002010 - 21000?
12110211010
In base 6, what is -35552035 + -2?
-35552041
In base 6, what is 14 - 553241503?
-553241445
In base 11, what is 232 + 45494?
45716
In base 5, what is -2 + 10300102311?
10300102304
In base 4, what is -21031013 + -2331?
-21100010
In base 14, what is 663977c - -3?
6639781
In base 11, what is -96a - -3642?
2783
In base 16, what is 2745c7 + 6?
2745cd
In base 3, what is -2202002201122011 - 12?
-2202002201122100
In base 2, what is -1001 - -10111101110101011?
10111101110100010
In base 9, what is 1311163838 - -4?
1311163843
In base 16, what is -85e0 - 50?
-8630
In base 3, what is -2 - 11000122120001?
-11000122120010
In base 9, what is 144 - -884568?
884723
In base 3, what is 1002002122 - -21100120?
1100110012
In base 3, what is 1211002 + -20112212?
-11201210
In base 14, what is 3 + -a961?
-a95c
In base 6, what is -115 - -3524002?
3523443
In base 7, what is 21142543 - -14?
21142560
In base 7, what is -13103025 + 6?
-13103016
In base 7, what is 12662034 - 5?
12662026
In base 15, what is -80d24 + 3?
-80d21
In base 8, what is 3123 - 1525551?
-1522426
In base 9, what is 167808 - -262?
168171
In base 4, what is 330122211 + -1011?
330121200
In base 4, what is 2211221010 - 310?
2211220100
In base 8, what is 3 + 4760655?
4760660
In base 12, what is -b82797 - 2?
-b82799
In base 15, what is 2 + 88877b?
88877d
In base 10, what is 5 - 163331690?
-163331685
In base 16, what is -d8 - 79242?
-7931a
In base 5, what is 341 + -214212414?
-214212023
In base 11, what is 260 + -28749?
-28499
In base 14, what is -34 - -b3c7b?
b3c47
In base 11, what is 24 + -101011?
-100a98
In base 4, what is 1 - 2130133132033?
-2130133132032
In base 3, what is -2201020101001000 - 12?
-2201020101001012
In base 10, what is -36 - -38313451?
38313415
In base 11, what is 7325 - -6851?
13076
In base 10, what is 0 - 8727001?
-8727001
In base 9, what is -15267016 + 13?
-15267003
In base 3, what is -2 + -1110110220121010?
-1110110220121012
In base 12, what is -77078 + 71?
-77007
In base 12, what is a8 - -668a6?
66992
In base 9, what is 6540 - -107256?
114806
In base 12, what is 4 + -140b86aa?
-140b86a6
In base 8, what is 5 + 325330524?
325330531
In base 7, what is 4 + 124400506?
124400513
In base 4, what is -322 - 3030100?
-3031022
In base 3, what is -10002111 - 22120?
-10102001
In base 9, what is -123 + -8031320?
-8031443
In base 14, what is -856c1b + 12?
-856c09
In base 6, what is 53 + -13354534?
-13354441
In base 16, what is 3ef54b6d - 2?
3ef54b6b
In base 16, what is 6 + 141d49?
141d4f
In base 10, what is -21 + 585557?
585536
In base 8, what is -14063 + -21127?
-35212
In base 2, what is -100110 - 1010110001001001010011?
-1010110001001001111001
In base 13, what is 2a - 1931b3?
-193186
In base 2, what is -1010101100 + 1101010001111001?
1101000111001101
In base 6, what is -123 - -14030042?
14025515
In base 6, what is 5 - -10450051220?
10450051225
In base 4, what is -210330022 + 30313?
-210233103
In base 13, what is -28 - 771a5?
-77200
In base 2, what is -1101111110111000 + -1000000010101?
-1110111111001101
In base 14, what is -25d - -2320?
20a1
In base 14, what is ab + -32556?
-32489
In base 14, what is -14761 - -139?
-14626
In base 11, what is 3622241 - 